 3*h + 2. Determine z(j).
11
Let a(g) = -3519*g + 3518*g - 48 + 10 + 13. Calculate a(-20).
-5
Suppose 0 = -16*u - 2300 + 2412. Let x(h) = -12*h + 5. What is x(u)?
-79
Let d(c) = -2*c + 2. Let y(f) = -11*f + 21. Let w(n) = -5*d(n) + y(n). Let g = -1344 + 1352. What is w(g)?
3
Suppose 411*r - 413*r + 2*z + 2 = 0, 4*r = 5*z + 4. Let d(k) be the third derivative of k**5/6 - k**4/24 - k**2. What is d(r)?
9
Let i = 1308 + -1367. Let q(j) = 4*j + 231. Calculate q(i).
-5
Let p(i) = -2*i - 6. Let l(u) = 2*u + 5. Let x(j) = 3*l(j) + 2*p(j). Let d(v) = 8*v**2 - 36 + 24 + 46*v - 7*v. Let r be d(-5). Give x(r).
-11
Suppose -5*v = -4*t + 40, -2*v - 2 = t + 1. Let c(d) = -d**3 + 5*d**2 - 8*d + 3. Calculate c(t).
-37
Let b(g) = -9 + g**2 - 31*g + 105*g - 26*g - 45*g. What is b(0)?
-9
Let g(k) = -1 - 13 - 1 + 10 + 2*k + k. Give g(2).
1
Suppose -4*q + 9*b = 14*b + 14, 2*q + 2*b = -8. Let i(c) = -c - 3*c + 5*c + 6. What is i(q)?
0
Let n(y) = 3*y**2 - y - 2. Let c be 1/(-2) - (-188)/(-8). Let k = c - 0. Let p be 48/(-168) - k/(-14). What is n(p)?
12
Let h(i) = -i - 2. Let d(y) = -6*y - 15. Let x(c) = -2*d(c) + 15*h(c). Let q = 8 + -3. What is x(q)?
-15
Let a(d) = -634*d**3 - 2*d**2 - 3*d - 1. Let z be a(-1). Let p(n) = 3*n - z + 634. Give p(3).
9
Suppose 0 = -5*y - 5*v - 852 + 942, -77 = -5*y - 4*v. Let a(t) = -7 + 6 + 18 - 3*t. Give a(y).
2
Let d = 4373 - 4369. Let t(k) = -9*k + 16. Calculate t(d).
-20
Suppose -c + 17*c = 96. Let a(r) = -5*r**2 + 12*r + 5. Let y(f) = -4*f**2 + 11*f + 5. Let w(x) = c*y(x) - 5*a(x). Give w(-4).
-3
Suppose -6 = -3*g, -4*g - 2 = -4*u + 42. Let z(i) = i**2 + 21*i + 11. Let t(x) = -x**2 - 5*x - 1. Let a(b) = 2*t(b) + z(b). Calculate a(u).
-17
Let j = 453824 - 453834. Suppose n = -0 + 1, -z + 9 = 3*n. Let c(w) = -w**3 + 15 - 14*w**2 + 6*w + z*w + 5*w**2. Determine c(j).
-5
Let t(h) = 17*h + 157. Let v(y) = -2*y - 15. Let d(w) = -t(w) - 8*v(w). What is d(-9)?
-28
Let j(k) be the third derivative of 9*k**2 + 0 - 1/24*k**4 - 1/3*k**3 + 0*k. Give j(13).
-15
Let h(b) = -4 + 3*b - 1 + 1 - 4*b. Let q(u) = -3*u. Let k(a) = -20*a - 8. Let c(y) = k(y) - 6*q(y). Let s(r) = 4*c(r) - 9*h(r). Determine s(-7).
-3
Let a(h) = -2*h + 17. Let f(r) = -3*r - 6. Let n(u) = a(u) - f(u). Give n(-8).
15
Let m(q) = -11*q - 5. Let t(d) = d - 35. Let a(w) = w**2 + 6*w - 82. Let j be a(8). Let u be t(j). What is m(u)?
50
Suppose 5*w = -3*s - 193, -5*w + 9 = 5*s + 314. Let c = s + 48. Let u be 9/5 + (-9)/((-90)/c). Let q(b) = 9*b - 1. Give q(u).
8
Let t = -194 + 199. Suppose 2*p - 2 = 4*a, -t*p - 15 = 2*a - 7*a. Let k(g) = g**2 + 8*g. Give k(p).
-7
Let f(s) = -s**3 + 8*s**2 - 6. Suppose 4*g = 4*m + 1072, -5*m - 1082 - 258 = 4*g. Let n = m - -276. Give f(n).
-6
Let g(r) = -3*r - 1. Let u(s) = 210*s + 7. Let x be u(2). Suppose 8*v - j = 4*v - x, 5*j + 326 = -3*v. Let f = v - -102. Give g(f).
14
Let a(z) = 3*z - 1. Let d be a(2). Let x(j) = -10 + d - 7*j - 11 + 3. Let n be x(-2). Let p(b) = 8*b**3 + b**2 - b. Calculate p(n).
8
Let a be (-16)/(-2 - 2) - (-7 - -3). Let p(z) = 25*z - a*z - 16*z. What is p(11)?
11
Let z(g) = 14*g**3 + g**2 + 4*g + 5. Suppose b + 39709 = 39707. Determine z(b).
-111
Let y(j) = -10*j - 28. Suppose 0 = 11*m - 3*m - 16. Suppose -m*f - 37 = -23. Let w(h) = -3*h - 9. Let d(g) = f*w(g) + 2*y(g). What is d(-3)?
4
Let g(h) = -h - 22. Let z be g(-8). Let s be (-2 - 24/z)*7. Let c(p) be the first derivative of -p**4/4 + p**3/3 + p**2 + p - 59. Calculate c(s).
9
Suppose -15 = 3*o + 5*m, -3*m = -2*o + 7 + 2. Suppose -4*y + o*y - 40 = 0. Let s(w) = w**3 + 9*w**2 - 12*w - 14. Calculate s(y).
6
Let v be (-33)/(-5 + (-44)/(-10)). Suppose -3*g + v = 64. Let o(b) = -8*b. What is o(g)?
24
Let r(b) = -b**3 - 40*b**2 - 75*b + 31. Let m be r(-38). Let d(i) be the third derivative of -i**4/24 - 7*i**3/3 - 6*i**2. Determine d(m).
-7
Let o be -5*(32/10)/(-4). Let x(j) be the second derivative of 7*j**3/6 - 2*j - 60. Let s(q) = -8*q. Let a(w) = o*s(w) + 5*x(w). Give a(4).
12
Let o(c) = 2*c**2 - 9*c - 15. Let x be o(6). Suppose -259*w = -262*w + x. Let p(u) = -8*u**3 - 1. Give p(w).
-9
Let x(b) = -2*b + 14. Let d be (-1595)/(-143) + (18/45)/(13/(-5)). What is x(d)?
-8
Let t(k) = -3*k - 14. Let r = 278 - 268. Let c = -20 + r. Determine t(c).
16
Let a be 231/49 + -1 + (-4)/(-14). Suppose q - a*r = -2*r + 8, 5*q - 16 = 4*r. Let f(v) = -v**2 - 11. Calculate f(q).
-11
Let u be 3 - (60 + (3 + -4 - -3)). Let o = -57 - u. Let f(b) = b**2 - b - 2. Calculate f(o).
0
Let p be 26/(-6) - (-2)/6. Let b(t) be the third derivative of t**4/24 + t**3/3 + 93*t**2 + 14*t - 1. Determine b(p).
-2
Let k = 1572 + -1577. Let f(j) be the second derivative of -1/12*j**4 - j**3 + 0 + j**2 - j. What is f(k)?
7
Let l be (12/(-22))/((-12)/88). Let p(j) = 9 - 7 + 5*j + 10 - l*j. Determine p(-5).
7
Let x(n) = -19*n. Let p = -45 - -49. Suppose 0 = -3*t, 2*l + p*t - 40 = -0*t. Let f = 21 - l. Determine x(f).
-19
Let q be (-195)/(-27) - (-8)/(-36). Let k(z) = 22*z**2 - 17*z - 6. Let r(n) = 32*n**2 - 24*n - 9. Let o(x) = q*k(x) - 5*r(x). What is o(-3)?
-54
Suppose 0 = -25*u + 11*u + 11*u. Let f(g) = -g**2 - 2*g + 12. Determine f(u).
12
Let f(t) = -3*t**3 + 4*t**2 - t. Let w(k) = k**3 - 5*k**2 - 5*k - 5. Let d be w(6). Let v(s) = s**3 - s**2. Let h(n) = d*f(n) + 4*v(n). Calculate h(-2).
-6
Let v(w) = w**3 - 8*w**2 - 5*w - 24. Let b be v(7). Let g = -114 - b. Let d(h) = h + 5. Give d(g).
-1
Suppose -2*s + 12 = -2*d, 3*s + d + d - 8 = 0. Let p(x) = -15*x**3 + x + s*x**2 - x + 14*x**3 + 2*x - 6. Give p(4).
2
Let z = -41 - -179. Suppose 12*w = 10*w + z. Let x = -65 + w. Let y(h) = -h**2 + 6*h - 5. Calculate y(x).
3
Let i be (-33)/((63/(-14))/3). Let h(g) = i*g - 33*g**2 - 21*g + 26*g**2. Let m = 0 + -1. Determine h(m).
-8
Let g(f) be the third derivative of -1/60*f**5 + 5/6*f**3 + 1/8*f**4 + 0*f + 0 - 63*f**2. Determine g(4).
1
Let j(s) = 2*s**2 + 54*s - 4. Let v be ((-9)/(-6))/((-7)/(-126)*-1). Determine j(v).
-4
Let v be (-57 + 1)/(-4) + -4. Suppose -o + 0*p + 6 = p, -v = -3*o + 5*p. Suppose o*d = -4*x + 18 - 3, -2*x + 8 = 2*d. Let b(w) = w**2 + w. Give b(d).
0
Let c(k) = k**3 - 10*k**2 - 3*k + 3. Let o(a) = -24*a**2 + 44*a - 2. Let w be o(5). Let h = w + 392. Determine c(h).
-27
Let z(w) be the first derivative of w**3/3 + 17*w**2/2 + 14*w - 609. Determine z(-10).
-56
Let d(i) = i**3 - 6*i**2 + 9*i + 3. Let x = 13089 + -13086. Determine d(x).
3
Suppose -42*s = -124 - 254. Let b(g) = 2*g**2 - 19*g + 27. What is b(s)?
18
Let w(i) = 3 + 5 - 7 + 3049*i**3 - i**2 - i - 3069*i**3. Give w(1).
-21
Let t(p) = 6*p - 31. Suppose -397*z + 412*z = 105. Determine t(z).
11
Let g be -2*1/(-10) + (-140)/(-50). Suppose 0*o - g*o = 33. Let u(x) = -x**3 - 12*x**2 - 10*x + 7. What is u(o)?
-4
Suppose 4*k - 9*k = -10. Suppose 0 = k*a - 8 + 4. Let l(c) be the third derivative of -c**6/120 - c**5/30 + c**4/6 - c**3/3 + 11*c**2. What is l(a)?
-10
Let r(j) = -15*j + 74*j**2 - 78*j**2 - j**3 - 4 + 16*j + 15*j + 13*j. What is r(-8)?
20
Let r = -117 - -122. Let w be r - ((0 - 0 - -3) + -2). Suppose -37*z + 35*z = w. Let y(f) = -8*f - 3. Calculate y(z).
13
Suppose 20 = -5*n - 0*n. Let t(p) = -146*p**2 + 2*p + 115. Let f(u) = 125*u**2 - 2*u - 98. Let i(r) = 7*f(r) + 6*t(r). Give i(n).
-4
Suppose -59*j + 306 = 85*j + 18. Let k(a) = 34*a - 52. Give k(j).
16
Let q(n) = -4*n + 29. Let j = -114 - -117. Suppose -23 = -j*c - 0*w - 4*w, 3*c - 32 = 5*w. Let d be q(c). Let z(a) = a**2 + 7*a - 3. What is z(d)?
-3
Let w(y) = -2*y**3 + 19*y**2 - 27*y - 22. Let g be w(7). Let l(h) = -h**3 + 36*h**2 - 67*h - 41. Calculate l(g).
-7
Let s = -1437 - -1435. Let i(q) = -3*q**3 - q**2 - 2*q. Give i(s).
24
Let p be -1 - ((-90)/(-3))/(-3). Suppose 7*m + p = 30. Let n(y) = y + 16*y**2 - 11*y + 5 - 7*y**2 - y**m. Determine n(8).
-11
Let b(k) = 91 + 65 - 8*k + 84 - 329 + 93. Calculate b(-2).
20
Let c(o) = 4*o - 1. Let i be -1*(-416)/8*(1 - 0). Let x(f) = 34*f - 8. Let b(v) = i*c(v) - 6*x(v). Calculate b(3).
8
Let r(o) = -2*o + 4*o + 5 - 2. Suppose 0*g = 2*g + 11*g. Suppose -m = -g*m + 4*b + 16, m = -b - 1. Calculate r(m).
11
Let q be (-2 + 7 - 57) + 1*-1. Let c = 48 + q. Let x be c/1 - (4 - 3). Let f(j) = -j**2 - 3*j + 6. Calculate f(x).
-12
Let v(w) = 5*w. Let u = 39 - 35. Suppose 190 = a + u*a. Let d = a - 40. Determine v(d).
-10
Let p be 10/(-3)*(-6)/(-